rime factors of q.
5
Suppose 2 - 5 = -x. Suppose b - 20 = -q + 4*b, 5*b + 4 = -q. Suppose -x*z + 16 = -q. List the prime factors of z.
3
Let g(y) = y**2 + 4*y - 8. Suppose 10 = -z + v, -3*v - 11 = 4*z + 1. Let h be g(z). What are the prime factors of 10*-2*(-2)/h?
2, 5
Let f(w) = w**2 + w + 1. Let m be f(-7). Suppose -2 - m = -3*c. List the prime factors of c.
3, 5
Suppose -4*h + 5*u = -23, 4*u - 6 = -18. Let b(t) = -t + 1. Let x be b(-4). Suppose x*l = -g + 54, -2*g + 16 = h*g. List the prime factors of l.
2, 5
Suppose 3*b = 15, 4*g = 4*b - 3*b + 191. What are the prime factors of g?
7
Let s(p) = p**3 + 6*p**2 - 6*p + 9. Let a be s(-7). Let f = 22 - 14. Let i = f - a. List the prime factors of i.
2, 3
Suppose -4*m = -2*y - 44 - 2, 5*y = 3*m - 31. Suppose -7 = -w + m. Suppose -5*s = -69 + w. List the prime factors of s.
2, 5
Suppose -2*z = -2*x - 28 - 10, 3*z - 4*x = 60. Let f be ((-24)/(-20))/(3/15). Let b = z - f. What are the prime factors of b?
2, 5
Suppose -4*h + 61 + 7 = 0. List the prime factors of h.
17
Let y(s) = s - 3. Let r be y(7). Suppose -2*m = r*z - 0*z - 10, 4*m - 7 = 5*z. Suppose o - 6 = -4*b, b + 18 = m*o + 4*b. What are the prime factors of o?
2, 3
Suppose -7*a + 342 + 155 = 0. What are the prime factors of a?
71
Suppose 3*z = 2*v - 19, -3*z + 0*z + 3*v - 24 = 0. Let c be -3*(-4 + (0 - z)). Suppose -i = c*i - 28. What are the prime factors of i?
7
Let r(z) = z**3 + 4*z**2 - 3*z - 2. Let u be r(-4). Let j = 5 - u. List the prime factors of 8/20 + (-13)/j.
3
Suppose 31*s + 348 = 35*s. What are the prime factors of s?
3, 29
Suppose -3*n = -2*n. Suppose 2*k + 3*k - 80 = n. What are the prime factors of k?
2
Let b be -3 - (-16 - (1 - 4)). Suppose -x + 24 = b. What are the prime factors of x?
2, 7
Let x be 78/9 + (-2)/3. Let k = 6 + x. Let z = 20 - k. List the prime factors of z.
2, 3
Let t = 3 - 5. Let b = 20 - 11. Let h = t + b. What are the prime factors of h?
7
Let f = -38 - -56. Suppose 4 = w - f. What are the prime factors of w?
2, 11
Let a(f) = -f**3 - 6*f**2 - 6*f - 5. Let u be a(-5). Let i = -1 - u. What are the prime factors of -1 + 3 + (i - -1)?
2
What are the prime factors of (1 - 8/12)*291?
97
Suppose -2*z + 7 + 5 = 0. Suppose y + 65 = z*y. Suppose 2*a - 15 - y = 0. List the prime factors of a.
2, 7
Let q be (-2)/(-9) + 14/18. Let a(m) = 4*m**2 + m + m**3 + q - 2*m - 2*m. What are the prime factors of a(-4)?
13
Suppose -3*r + 3 = -5*g, -3*r - 3*g = -6*g - 9. Let k(c) = c**2 + 2*c + 11. What are the prime factors of k(r)?
59
Suppose 0 = -3*y - 0 + 9. Suppose -3*j = -3*w + 12, -y*j = -5*w - 0*w + 12. Let p = j - -6. List the prime factors of p.
2
Suppose 0 = -5*j + 2*j - 3*p + 621, -1025 = -5*j - 3*p. List the prime factors of j.
2, 101
Let w = -49 - -174. What are the prime factors of w?
5
Let o = -853 + 1200. What are the prime factors of o?
347
Let n(i) be the second derivative of -i**4/12 - 2*i**3/3 + i**2 + i. Suppose 3*t = -15, 5*m + 1 = 2*t - 9. What are the prime factors of n(m)?
2
Suppose -4*g - 4*t + 250 = 90, 0 = 5*g - 4*t - 155. List the prime factors of g.
5, 7
Let l = 3 + -2. Suppose 4*m - 5*u + l + 0 = 0, 29 = 4*m + u. Suppose -m*k = -4*k - 14. List the prime factors of k.
7
Let z = -28 + 44. What are the prime factors of z?
2
Let x be (0 + -2)/((-8)/(-260)). What are the prime factors of ((-507)/x)/(2/10)?
3, 13
Let q(i) = 7 - 2 + 0 - i**2 + 5*i + 0*i. What are the prime factors of q(5)?
5
Suppose 22*j = 23*j - 79. What are the prime factors of j?
79
Suppose q = -0*q + 122. What are the prime factors of q?
2, 61
Let z = -4 + 11. Suppose t - z = 8. List the prime factors of t.
3, 5
Suppose -591 = -5*l + 2*f, -l - 3*f = -3*l + 232. Suppose -l = -5*b - 39. What are the prime factors of b?
2
Let l = 33 - 25. Let i(s) = s + 7. Let q be i(-5). Suppose l = q*o - 0. What are the prime factors of o?
2
Let s(d) = -d**2 + 6*d - 5. Let l be s(5). Suppose 4*q + q - 30 = l. List the prime factors of q.
2, 3
Suppose -4*k - 838 = -5*y, -3 = y + k - 167. What are the prime factors of y?
2, 83
Let r(t) = -3*t**3 - t**2 - 2*t - 1. Let a be 8/2*(-4)/8. List the prime factors of r(a).
23
Let m be ((-9)/6)/((-6)/8). Suppose m*b = 16 + 2. What are the prime factors of b?
3
Let s(a) = a**2 + a - 5. Let c(y) = y**2 - 4*y + 3. Let q be c(3). Suppose q = o + 3*g + 4, -o - 2*g - 4 = -0*o. What are the prime factors of s(o)?
7
Let v(i) = -i**3 + 7*i**2 + 2*i + 6. Let w = 14 - 7. Let f be v(w). Suppose -a + 3*a = f. List the prime factors of a.
2, 5
Let s = 5 + 1. Suppose 5*c - 5*x = -15, -5*c + 4*x + 1 = 11. Let u = s - c. What are the prime factors of u?
2
Let m(x) = x**2 - 13*x + 2. Let j be m(11). Let h = j + 39. What are the prime factors of h?
19
Let c be (-2)/(0 + 2/50). Let j = c + 70. What are the prime factors of j?
2, 5
Suppose 0*t - 2*t = 2*r - 6, 42 = 5*t - 4*r. Let n = -4 + t. Let g(f) = f**3 + f**2 - 3*f + 1. List the prime factors of g(n).
7
Suppose -4*l + 3*l - 13 = 0. Suppose -y - 2 = 6. Let r = y - l. What are the prime factors of r?
5
Let q(b) = -b**2 - 10*b - 1 + 6 + 10 - 3. List the prime factors of q(-10).
2, 3
Suppose -g - 100 = -6*g. List the prime factors of g.
2, 5
Let q(c) = c**3 - 4*c**2 - 3. List the prime factors of q(6).
3, 23
Suppose 3*d + 800 = 5*q + 5*d, q + 3*d = 160. What are the prime factors of q?
2, 5
Let l(d) = d - 6. Let v be l(6). Suppose -14 = -3*b - 2*k, 0*k = -3*b + 3*k + 9. Suppose y - 3*o = -v - 1, -4*o - 20 = -b*y. List the prime factors of y.
2
Suppose -5*k + 3*k + 66 = 0. List the prime factors of k + (-4)/(5 - 1).
2
Suppose -3*r - k = -3*k - 7, 2*k - 11 = -3*r. Suppose 3*x - 3*l - 9 = r, -4*l + 8 = 0. What are the prime factors of x?
2, 3
Let u(c) = c**3 + 2*c**2 - 4*c - 1. Let n be u(-3). Let p(i) = -i**2 + n*i**2 + 2*i**2. What are the prime factors of p(-1)?
3
Suppose 3*t - 8*t = -120. List the prime factors of t.
2, 3
Let p(i) = -2*i**2 + 17*i - 13. Let a(c) = -c**2 + 8*c - 6. Let t(r) = -13*a(r) + 6*p(r). Let b be (-2)/((-2)/4*1). List the prime factors of t(b).
2
Let c(v) = -8*v + 2. Let g be c(1). Let x = 40 + g. List the prime factors of x.
2, 17
Suppose -1 - 7 = -m. Let c(u) = u**2 - 5*u - 1. List the prime factors of c(m).
23
Let m be 5/(-2) + (-1)/(-2). Let a be (-2)/m + (2 - -1). Suppose 0*q = a*q - 40. List the prime factors of q.
2, 5
Let w = 11 + -7. Suppose -w*u = -2*c + 6*c - 28, 24 = 3*u + 2*c. What are the prime factors of u?
2, 5
Suppose 0 = 43*l - 47*l + 260. What are the prime factors of l?
5, 13
Suppose 0 = 2*h - 146 - 10. List the prime factors of h.
2, 3, 13
Suppose 5*s - 6*w + 2*w = -2, -s + 3*w = 7. Suppose -7*l + p = -2*l + 34, -20 = 2*l - s*p. Let a(t) = -t**2 - 6*t + 3. What are the prime factors of a(l)?
3
Let u(k) = -k**2 + k + 2. Suppose -2*d - 1 - 5 = 0. Let l be u(d). What are the prime factors of 3/((-2)/l + 0)?
3, 5
Let l(j) = 51*j**2 + 2*j + 1. Let h be l(-1). Suppose o = 3*o - h. What are the prime factors of o?
5
Suppose 2*t = -0*t + 12. What are the prime factors of t?
2, 3
Let z = 17 - -18. List the prime factors of z.
5, 7
Let v be -14*(7/2 + -3). What are the prime factors of (20 - 6)*(-2)/v?
2
Let g(p) = p**3 + 10*p**2 + 11*p + 21. What are the prime factors of g(-7)?
7, 13
Let z = 2 + -1. Let d be -1*(-2)/(-3 + z). List the prime factors of 8 + -5 - (-12 - d).
2, 7
Let x(j) = j + 6. Let y = -5 - -11. List the prime factors of x(y).
2, 3
Let p(n) = -n. Let o be p(4). Let g(i) = -11*i - 8. What are the prime factors of g(o)?
2, 3
Let l = 12 - -16. What are the prime factors of l?
2, 7
Suppose -o - 3 = 4*y, -3*y + 6 - 17 = -o. Suppose o*z - 26 = -76. Let s = -1 - z. What are the prime factors of s?
3
Let f(n) = 9*n + 5 - 2*n**3 + 12*n**2 - n**2 + 3*n**3. Suppose 5*y + 64 = 14. What are the prime factors of f(y)?
3, 5
Let i = -5 + 49. Suppose -5*q = 5*r - 95, 0 = 3*r - q - i - 5. List the prime factors of r.
17
Suppose 0 = -4*u - 0*u + 20. List the prime factors of u.
5
Let j(o) = 3*o - 3*o + o - 3 - o**2 - o**3. Let n be j(0). List the prime factors of 1 - n - 2/(-2).
5
List the prime factors of (-3)/(-2) + (-730)/(-20).
2, 19
Suppose 0 = -i - 30 - 96. List the prime factors of (i/(-12))/((-6)/(-8)).
2, 7
Let v(d) be the first derivative of -d**2/2 + 8*d + 1. Let f be v(6). List the prime factors of 7*(f - (1 + 0)).
7
Let a(i) = -i**3 